{"id":78,"date":"2021-08-09T17:08:26","date_gmt":"2021-08-09T15:08:26","guid":{"rendered":"http:\/\/progrew.cluster024.hosting.ovh.net\/?page_id=78"},"modified":"2026-02-12T15:26:25","modified_gmt":"2026-02-12T14:26:25","slug":"escalade","status":"publish","type":"page","link":"https:\/\/progression-verticale.com\/index.php\/escalade\/","title":{"rendered":"Falaise"},"content":{"rendered":"\n<div class=\"wp-block-media-text alignwide is-stacked-on-mobile\" style=\"grid-template-columns:40% auto\"><figure class=\"wp-block-media-text__media\"><img fetchpriority=\"high\" decoding=\"async\" width=\"1024\" height=\"683\" src=\"https:\/\/progression-verticale.com\/wp-content\/uploads\/2022\/03\/DSC07304-1-1024x683.jpg\" alt=\"\" class=\"wp-image-113 size-full\" srcset=\"https:\/\/progression-verticale.com\/wp-content\/uploads\/2022\/03\/DSC07304-1-1024x683.jpg 1024w, https:\/\/progression-verticale.com\/wp-content\/uploads\/2022\/03\/DSC07304-1-300x200.jpg 300w, https:\/\/progression-verticale.com\/wp-content\/uploads\/2022\/03\/DSC07304-1-768x512.jpg 768w, https:\/\/progression-verticale.com\/wp-content\/uploads\/2022\/03\/DSC07304-1-1536x1024.jpg 1536w, https:\/\/progression-verticale.com\/wp-content\/uploads\/2022\/03\/DSC07304-1-2048x1365.jpg 2048w\" sizes=\"(max-width: 1024px) 100vw, 1024px\" \/><\/figure><div class=\"wp-block-media-text__content\">\n<p class=\"has-normal-font-size\">Vous \u00eates d\u00e9butant en escalade et souhaitez apprendre \u00e0 grimper en ext\u00e9rieur&nbsp;? Cette initiation vous permettra de d\u00e9couvrir en quelques s\u00e9ances l\u2019essentiel des comp\u00e9tences n\u00e9cessaires \u00e0 la grimpe sur des sites d\u2019escalade d\u2019une longueur&nbsp;: pr\u00e9parer sa sortie, grimper en s\u00e9curit\u00e9, r\u00e9aliser sa manip de haut de voie, effectuer une r\u00e9chappe, installer des moulinettes, etc. Les sorties ont lieu sur diff\u00e9rentes falaises-\u00e9coles de Savoie et Haute-Savoie pour vous faire d\u00e9couvrir diff\u00e9rents types de rocher (calcaire, gneiss, granit, gr\u00e8s) et vous permettre de revenir facilement entre amis sur les sites.<\/p>\n\n\n\n<p class=\"has-normal-font-size\">Tarif&nbsp;: \u00e0 partir de 70 euros par personne et par s\u00e9ance. Minimum 3 personnes. <\/p>\n\n\n\n<p class=\"has-normal-font-size\">Le prix comprend le mat\u00e9riel (hors chaussons d\u2019escalade). Le transport sur les sites est \u00e0 la charge des participants.&nbsp;&nbsp;<\/p>\n<\/div><\/div>\n\n\n\n<figure class=\"wp-block-gallery has-nested-images columns-default is-cropped wp-block-gallery-1 is-layout-flex wp-block-gallery-is-layout-flex\">\n<figure class=\"wp-block-image size-large\"><img decoding=\"async\" width=\"768\" height=\"1024\" data-id=\"285\" src=\"https:\/\/progression-verticale.com\/wp-content\/uploads\/2022\/04\/20211105_115241_l-768x1024.jpg\" alt=\"N\u0153ud de demi-cabestan\" class=\"wp-image-285\" srcset=\"https:\/\/progression-verticale.com\/wp-content\/uploads\/2022\/04\/20211105_115241_l-768x1024.jpg 768w, https:\/\/progression-verticale.com\/wp-content\/uploads\/2022\/04\/20211105_115241_l-225x300.jpg 225w, https:\/\/progression-verticale.com\/wp-content\/uploads\/2022\/04\/20211105_115241_l-1152x1536.jpg 1152w, https:\/\/progression-verticale.com\/wp-content\/uploads\/2022\/04\/20211105_115241_l-1536x2048.jpg 1536w, https:\/\/progression-verticale.com\/wp-content\/uploads\/2022\/04\/20211105_115241_l-rotated.jpg 1773w\" sizes=\"(max-width: 768px) 100vw, 768px\" \/><\/figure>\n\n\n\n<figure class=\"wp-block-image size-large\"><img decoding=\"async\" width=\"768\" height=\"1024\" data-id=\"287\" src=\"https:\/\/progression-verticale.com\/wp-content\/uploads\/2022\/04\/20211223_141229_l-768x1024.jpg\" alt=\"Falaise de Saint-Leu\" class=\"wp-image-287\" srcset=\"https:\/\/progression-verticale.com\/wp-content\/uploads\/2022\/04\/20211223_141229_l-768x1024.jpg 768w, https:\/\/progression-verticale.com\/wp-content\/uploads\/2022\/04\/20211223_141229_l-225x300.jpg 225w, https:\/\/progression-verticale.com\/wp-content\/uploads\/2022\/04\/20211223_141229_l-1152x1536.jpg 1152w, https:\/\/progression-verticale.com\/wp-content\/uploads\/2022\/04\/20211223_141229_l-1536x2048.jpg 1536w, https:\/\/progression-verticale.com\/wp-content\/uploads\/2022\/04\/20211223_141229_l-rotated.jpg 1773w\" sizes=\"(max-width: 768px) 100vw, 768px\" \/><\/figure>\n\n\n\n<figure class=\"wp-block-image size-large\"><img loading=\"lazy\" decoding=\"async\" width=\"768\" height=\"1024\" data-id=\"286\" src=\"https:\/\/progression-verticale.com\/wp-content\/uploads\/2022\/04\/20211105_120210_l-768x1024.jpg\" alt=\"N\u0153ud papillon \" class=\"wp-image-286\" srcset=\"https:\/\/progression-verticale.com\/wp-content\/uploads\/2022\/04\/20211105_120210_l-768x1024.jpg 768w, https:\/\/progression-verticale.com\/wp-content\/uploads\/2022\/04\/20211105_120210_l-225x300.jpg 225w, https:\/\/progression-verticale.com\/wp-content\/uploads\/2022\/04\/20211105_120210_l-1152x1536.jpg 1152w, https:\/\/progression-verticale.com\/wp-content\/uploads\/2022\/04\/20211105_120210_l-1536x2048.jpg 1536w, https:\/\/progression-verticale.com\/wp-content\/uploads\/2022\/04\/20211105_120210_l-rotated.jpg 1773w\" sizes=\"(max-width: 768px) 100vw, 768px\" \/><\/figure>\n\n\n\n<figure class=\"wp-block-image size-large\"><img loading=\"lazy\" decoding=\"async\" width=\"1024\" height=\"683\" data-id=\"288\" src=\"https:\/\/progression-verticale.com\/wp-content\/uploads\/2022\/04\/DSC07270-l-1024x683.jpg\" alt=\"Le biclop\" class=\"wp-image-288\" srcset=\"https:\/\/progression-verticale.com\/wp-content\/uploads\/2022\/04\/DSC07270-l-1024x683.jpg 1024w, https:\/\/progression-verticale.com\/wp-content\/uploads\/2022\/04\/DSC07270-l-300x200.jpg 300w, https:\/\/progression-verticale.com\/wp-content\/uploads\/2022\/04\/DSC07270-l-768x512.jpg 768w, https:\/\/progression-verticale.com\/wp-content\/uploads\/2022\/04\/DSC07270-l-1536x1024.jpg 1536w, https:\/\/progression-verticale.com\/wp-content\/uploads\/2022\/04\/DSC07270-l-2048x1365.jpg 2048w\" sizes=\"(max-width: 1024px) 100vw, 1024px\" \/><\/figure>\n<\/figure>\n","protected":false},"excerpt":{"rendered":"<p>Vous \u00eates d\u00e9butant en escalade et souhaitez apprendre \u00e0 grimper en ext\u00e9rieur&nbsp;? Cette initiation vous permettra de d\u00e9couvrir en quelques s\u00e9ances l\u2019essentiel des comp\u00e9tences n\u00e9cessaires \u00e0 la grimpe sur des sites d\u2019escalade d\u2019une longueur&nbsp;: pr\u00e9parer sa sortie, grimper en s\u00e9curit\u00e9, &hellip;<\/p>\n<p class=\"read-more\"> <a class=\"more-link\" href=\"https:\/\/progression-verticale.com\/index.php\/escalade\/\"> <span class=\"screen-reader-text\">Falaise<\/span> Read More &raquo;<\/a><\/p>\n","protected":false},"author":1,"featured_media":0,"parent":0,"menu_order":0,"comment_status":"closed","ping_status":"closed","template":"","meta":{"footnotes":""},"class_list":["post-78","page","type-page","status-publish","hentry"],"yoast_head":"<!-- This site is optimized with the Yoast SEO plugin v26.9 - https:\/\/yoast.com\/product\/yoast-seo-wordpress\/ -->\n<title>Falaise - \u00a0Progression Verticale<\/title>\n<meta name=\"description\" content=\"Initiation et perfectionnement escalade en couenne en Haute-Savoie, Savoie ou Is\u00e8re. Stage sur mesure en fonction du niveau des participants.\" \/>\n<meta name=\"robots\" content=\"index, follow, max-snippet:-1, max-image-preview:large, max-video-preview:-1\" \/>\n<link rel=\"canonical\" href=\"https:\/\/progression-verticale.com\/index.php\/escalade\/\" \/>\n<meta property=\"og:locale\" content=\"fr_FR\" \/>\n<meta property=\"og:type\" content=\"article\" \/>\n<meta property=\"og:title\" content=\"Falaise - \u00a0Progression Verticale\" \/>\n<meta property=\"og:description\" content=\"Initiation et perfectionnement escalade en couenne en Haute-Savoie, Savoie ou Is\u00e8re. Stage sur mesure en fonction du niveau des participants.\" \/>\n<meta property=\"og:url\" content=\"https:\/\/progression-verticale.com\/index.php\/escalade\/\" \/>\n<meta property=\"og:site_name\" content=\"\u00a0Progression Verticale\" \/>\n<meta property=\"article:modified_time\" content=\"2026-02-12T14:26:25+00:00\" \/>\n<meta property=\"og:image\" content=\"https:\/\/progression-verticale.com\/wp-content\/uploads\/2022\/03\/DSC07304-1-1024x683.jpg\" \/>\n<meta name=\"twitter:card\" content=\"summary_large_image\" \/>\n<meta name=\"twitter:label1\" content=\"Dur\u00e9e de lecture estim\u00e9e\" \/>\n\t<meta name=\"twitter:data1\" content=\"2 minutes\" \/>\n<script type=\"application\/ld+json\" class=\"yoast-schema-graph\">{\"@context\":\"https:\/\/schema.org\",\"@graph\":[{\"@type\":\"WebPage\",\"@id\":\"https:\/\/progression-verticale.com\/index.php\/escalade\/\",\"url\":\"https:\/\/progression-verticale.com\/index.php\/escalade\/\",\"name\":\"Falaise - \u00a0Progression Verticale\",\"isPartOf\":{\"@id\":\"https:\/\/progression-verticale.com\/#website\"},\"primaryImageOfPage\":{\"@id\":\"https:\/\/progression-verticale.com\/index.php\/escalade\/#primaryimage\"},\"image\":{\"@id\":\"https:\/\/progression-verticale.com\/index.php\/escalade\/#primaryimage\"},\"thumbnailUrl\":\"https:\/\/progression-verticale.com\/wp-content\/uploads\/2022\/03\/DSC07304-1-1024x683.jpg\",\"datePublished\":\"2021-08-09T15:08:26+00:00\",\"dateModified\":\"2026-02-12T14:26:25+00:00\",\"description\":\"Initiation et perfectionnement escalade en couenne en Haute-Savoie, Savoie ou Is\u00e8re. Stage sur mesure en fonction du niveau des participants.\",\"breadcrumb\":{\"@id\":\"https:\/\/progression-verticale.com\/index.php\/escalade\/#breadcrumb\"},\"inLanguage\":\"fr-FR\",\"potentialAction\":[{\"@type\":\"ReadAction\",\"target\":[\"https:\/\/progression-verticale.com\/index.php\/escalade\/\"]}]},{\"@type\":\"ImageObject\",\"inLanguage\":\"fr-FR\",\"@id\":\"https:\/\/progression-verticale.com\/index.php\/escalade\/#primaryimage\",\"url\":\"https:\/\/progression-verticale.com\/wp-content\/uploads\/2022\/03\/DSC07304-1-scaled.jpg\",\"contentUrl\":\"https:\/\/progression-verticale.com\/wp-content\/uploads\/2022\/03\/DSC07304-1-scaled.jpg\",\"width\":2560,\"height\":1707},{\"@type\":\"BreadcrumbList\",\"@id\":\"https:\/\/progression-verticale.com\/index.php\/escalade\/#breadcrumb\",\"itemListElement\":[{\"@type\":\"ListItem\",\"position\":1,\"name\":\"Accueil\",\"item\":\"https:\/\/progression-verticale.com\/\"},{\"@type\":\"ListItem\",\"position\":2,\"name\":\"Falaise\"}]},{\"@type\":\"WebSite\",\"@id\":\"https:\/\/progression-verticale.com\/#website\",\"url\":\"https:\/\/progression-verticale.com\/\",\"name\":\"\u00a0Progression Verticale\",\"description\":\"Pr\u00e9parez votre aventure en escalade, canyoning, terrain d&#039;aventure et autres activit\u00e9s verticales\",\"publisher\":{\"@id\":\"https:\/\/progression-verticale.com\/#organization\"},\"potentialAction\":[{\"@type\":\"SearchAction\",\"target\":{\"@type\":\"EntryPoint\",\"urlTemplate\":\"https:\/\/progression-verticale.com\/?s={search_term_string}\"},\"query-input\":{\"@type\":\"PropertyValueSpecification\",\"valueRequired\":true,\"valueName\":\"search_term_string\"}}],\"inLanguage\":\"fr-FR\"},{\"@type\":\"Organization\",\"@id\":\"https:\/\/progression-verticale.com\/#organization\",\"name\":\"\u00a0Progression Verticale\",\"url\":\"https:\/\/progression-verticale.com\/\",\"logo\":{\"@type\":\"ImageObject\",\"inLanguage\":\"fr-FR\",\"@id\":\"https:\/\/progression-verticale.com\/#\/schema\/logo\/image\/\",\"url\":\"https:\/\/progression-verticale.com\/wp-content\/uploads\/2025\/12\/LogoPV-v2-50.png\",\"contentUrl\":\"https:\/\/progression-verticale.com\/wp-content\/uploads\/2025\/12\/LogoPV-v2-50.png\",\"width\":224,\"height\":221,\"caption\":\"\u00a0Progression Verticale\"},\"image\":{\"@id\":\"https:\/\/progression-verticale.com\/#\/schema\/logo\/image\/\"}}]}<\/script>\n<!-- \/ Yoast SEO plugin. -->","yoast_head_json":{"title":"Falaise - \u00a0Progression Verticale","description":"Initiation et perfectionnement escalade en couenne en Haute-Savoie, Savoie ou Is\u00e8re. Stage sur mesure en fonction du niveau des participants.","robots":{"index":"index","follow":"follow","max-snippet":"max-snippet:-1","max-image-preview":"max-image-preview:large","max-video-preview":"max-video-preview:-1"},"canonical":"https:\/\/progression-verticale.com\/index.php\/escalade\/","og_locale":"fr_FR","og_type":"article","og_title":"Falaise - \u00a0Progression Verticale","og_description":"Initiation et perfectionnement escalade en couenne en Haute-Savoie, Savoie ou Is\u00e8re. Stage sur mesure en fonction du niveau des participants.","og_url":"https:\/\/progression-verticale.com\/index.php\/escalade\/","og_site_name":"\u00a0Progression Verticale","article_modified_time":"2026-02-12T14:26:25+00:00","og_image":[{"url":"https:\/\/progression-verticale.com\/wp-content\/uploads\/2022\/03\/DSC07304-1-1024x683.jpg","type":"","width":"","height":""}],"twitter_card":"summary_large_image","twitter_misc":{"Dur\u00e9e de lecture estim\u00e9e":"2 minutes"},"schema":{"@context":"https:\/\/schema.org","@graph":[{"@type":"WebPage","@id":"https:\/\/progression-verticale.com\/index.php\/escalade\/","url":"https:\/\/progression-verticale.com\/index.php\/escalade\/","name":"Falaise - \u00a0Progression Verticale","isPartOf":{"@id":"https:\/\/progression-verticale.com\/#website"},"primaryImageOfPage":{"@id":"https:\/\/progression-verticale.com\/index.php\/escalade\/#primaryimage"},"image":{"@id":"https:\/\/progression-verticale.com\/index.php\/escalade\/#primaryimage"},"thumbnailUrl":"https:\/\/progression-verticale.com\/wp-content\/uploads\/2022\/03\/DSC07304-1-1024x683.jpg","datePublished":"2021-08-09T15:08:26+00:00","dateModified":"2026-02-12T14:26:25+00:00","description":"Initiation et perfectionnement escalade en couenne en Haute-Savoie, Savoie ou Is\u00e8re. Stage sur mesure en fonction du niveau des participants.","breadcrumb":{"@id":"https:\/\/progression-verticale.com\/index.php\/escalade\/#breadcrumb"},"inLanguage":"fr-FR","potentialAction":[{"@type":"ReadAction","target":["https:\/\/progression-verticale.com\/index.php\/escalade\/"]}]},{"@type":"ImageObject","inLanguage":"fr-FR","@id":"https:\/\/progression-verticale.com\/index.php\/escalade\/#primaryimage","url":"https:\/\/progression-verticale.com\/wp-content\/uploads\/2022\/03\/DSC07304-1-scaled.jpg","contentUrl":"https:\/\/progression-verticale.com\/wp-content\/uploads\/2022\/03\/DSC07304-1-scaled.jpg","width":2560,"height":1707},{"@type":"BreadcrumbList","@id":"https:\/\/progression-verticale.com\/index.php\/escalade\/#breadcrumb","itemListElement":[{"@type":"ListItem","position":1,"name":"Accueil","item":"https:\/\/progression-verticale.com\/"},{"@type":"ListItem","position":2,"name":"Falaise"}]},{"@type":"WebSite","@id":"https:\/\/progression-verticale.com\/#website","url":"https:\/\/progression-verticale.com\/","name":"\u00a0Progression Verticale","description":"Pr\u00e9parez votre aventure en escalade, canyoning, terrain d&#039;aventure et autres activit\u00e9s verticales","publisher":{"@id":"https:\/\/progression-verticale.com\/#organization"},"potentialAction":[{"@type":"SearchAction","target":{"@type":"EntryPoint","urlTemplate":"https:\/\/progression-verticale.com\/?s={search_term_string}"},"query-input":{"@type":"PropertyValueSpecification","valueRequired":true,"valueName":"search_term_string"}}],"inLanguage":"fr-FR"},{"@type":"Organization","@id":"https:\/\/progression-verticale.com\/#organization","name":"\u00a0Progression Verticale","url":"https:\/\/progression-verticale.com\/","logo":{"@type":"ImageObject","inLanguage":"fr-FR","@id":"https:\/\/progression-verticale.com\/#\/schema\/logo\/image\/","url":"https:\/\/progression-verticale.com\/wp-content\/uploads\/2025\/12\/LogoPV-v2-50.png","contentUrl":"https:\/\/progression-verticale.com\/wp-content\/uploads\/2025\/12\/LogoPV-v2-50.png","width":224,"height":221,"caption":"\u00a0Progression Verticale"},"image":{"@id":"https:\/\/progression-verticale.com\/#\/schema\/logo\/image\/"}}]}},"featured_image_src":"","featured_image_src_square":false,"rbea_author_info":{"display_name":"admin1219","author_link":"https:\/\/progression-verticale.com\/index.php\/author\/admin1219\/"},"rbea_excerpt_info":"Vous \u00eates d\u00e9butant en escalade et souhaitez apprendre \u00e0 grimper en ext\u00e9rieur&nbsp;? Cette initiation vous permettra de d\u00e9couvrir en quelques s\u00e9ances l\u2019essentiel des comp\u00e9tences n\u00e9cessaires \u00e0 la grimpe sur des sites d\u2019escalade d\u2019une longueur&nbsp;: pr\u00e9parer sa sortie, grimper en s\u00e9curit\u00e9, &hellip;<p class=\"read-more\"> <a class=\"more-link\" href=\"https:\/\/progression-verticale.com\/index.php\/escalade\/\"> <span class=\"screen-reader-text\">Falaise<\/span> Read More &raquo;<\/a><\/p>","jetpack_sharing_enabled":true,"_links":{"self":[{"href":"https:\/\/progression-verticale.com\/index.php\/wp-json\/wp\/v2\/pages\/78","targetHints":{"allow":["GET"]}}],"collection":[{"href":"https:\/\/progression-verticale.com\/index.php\/wp-json\/wp\/v2\/pages"}],"about":[{"href":"https:\/\/progression-verticale.com\/index.php\/wp-json\/wp\/v2\/types\/page"}],"author":[{"embeddable":true,"href":"https:\/\/progression-verticale.com\/index.php\/wp-json\/wp\/v2\/users\/1"}],"replies":[{"embeddable":true,"href":"https:\/\/progression-verticale.com\/index.php\/wp-json\/wp\/v2\/comments?post=78"}],"version-history":[{"count":41,"href":"https:\/\/progression-verticale.com\/index.php\/wp-json\/wp\/v2\/pages\/78\/revisions"}],"predecessor-version":[{"id":1031,"href":"https:\/\/progression-verticale.com\/index.php\/wp-json\/wp\/v2\/pages\/78\/revisions\/1031"}],"wp:attachment":[{"href":"https:\/\/progression-verticale.com\/index.php\/wp-json\/wp\/v2\/media?parent=78"}],"curies":[{"name":"wp","href":"https:\/\/api.w.org\/{rel}","templated":true}]}}