{"id":191,"date":"2022-03-25T18:28:57","date_gmt":"2022-03-25T17:28:57","guid":{"rendered":"http:\/\/progrew.cluster024.hosting.ovh.net\/?page_id=191"},"modified":"2026-02-12T15:29:04","modified_gmt":"2026-02-12T14:29:04","slug":"via-ferrata","status":"publish","type":"page","link":"https:\/\/progression-verticale.com\/index.php\/via-ferrata\/","title":{"rendered":"Via ferrata"},"content":{"rendered":"\n<div class=\"wp-block-media-text alignwide is-stacked-on-mobile\" style=\"grid-template-columns:27% auto\"><figure class=\"wp-block-media-text__media\"><img fetchpriority=\"high\" decoding=\"async\" width=\"768\" height=\"1024\" src=\"https:\/\/progression-verticale.com\/wp-content\/uploads\/2022\/03\/20200903_192248-768x1024.jpg\" alt=\"\" class=\"wp-image-215 size-full\" srcset=\"https:\/\/progression-verticale.com\/wp-content\/uploads\/2022\/03\/20200903_192248-768x1024.jpg 768w, https:\/\/progression-verticale.com\/wp-content\/uploads\/2022\/03\/20200903_192248-225x300.jpg 225w, https:\/\/progression-verticale.com\/wp-content\/uploads\/2022\/03\/20200903_192248-1152x1536.jpg 1152w, https:\/\/progression-verticale.com\/wp-content\/uploads\/2022\/03\/20200903_192248-1536x2048.jpg 1536w, https:\/\/progression-verticale.com\/wp-content\/uploads\/2022\/03\/20200903_192248-scaled.jpg 1920w\" sizes=\"(max-width: 768px) 100vw, 768px\" \/><\/figure><div class=\"wp-block-media-text__content\">\n<p class=\"has-text-align-center has-large-font-size\"><\/p>\n\n\n\n<p class=\"has-normal-font-size\">Vous avez l&rsquo;exp\u00e9rience d&rsquo;une via ferrata encadr\u00e9e et souhaiteriez d\u00e9velopper vos connaissances. Cette initiation vous permettra de mieux ma\u00eetriser les techniques de progression en via ferrata, d&rsquo;apprendre \u00e0 pr\u00e9parer votre sortie, assister un camarade en difficult\u00e9\u2026&nbsp;&nbsp;<\/p>\n\n\n\n<p class=\"has-normal-font-size\">Niveau minimum requis&nbsp;: \u00eatre \u00e0 l\u2019aise avec la hauteur<\/p>\n\n\n\n<p class=\"has-normal-font-size\">Tarif&nbsp;: \u00e0 partir de 80 euros par personne et par s\u00e9ance pour un minimum de 3 personnes. &nbsp;&nbsp;<\/p>\n\n\n\n<p class=\"has-normal-font-size\">Le prix comprend le mat\u00e9riel. Le transport sur les sites est \u00e0 la charge des participants.<\/p>\n<\/div><\/div>\n","protected":false},"excerpt":{"rendered":"<p>Vous avez l&rsquo;exp\u00e9rience d&rsquo;une via ferrata encadr\u00e9e et souhaiteriez d\u00e9velopper vos connaissances. Cette initiation vous permettra de mieux ma\u00eetriser les techniques de progression en via ferrata, d&rsquo;apprendre \u00e0 pr\u00e9parer votre sortie, assister un camarade en difficult\u00e9\u2026&nbsp;&nbsp; Niveau minimum requis&nbsp;: \u00eatre &hellip;<\/p>\n<p class=\"read-more\"> <a class=\"more-link\" href=\"https:\/\/progression-verticale.com\/index.php\/via-ferrata\/\"> <span class=\"screen-reader-text\">Via ferrata<\/span> Read More &raquo;<\/a><\/p>\n","protected":false},"author":1,"featured_media":0,"parent":0,"menu_order":0,"comment_status":"closed","ping_status":"closed","template":"","meta":{"footnotes":""},"class_list":["post-191","page","type-page","status-publish","hentry"],"yoast_head":"<!-- This site is optimized with the Yoast SEO plugin v26.9 - https:\/\/yoast.com\/product\/yoast-seo-wordpress\/ -->\n<title>Via ferrata - \u00a0Progression Verticale<\/title>\n<meta name=\"description\" content=\"Initiation et perfectionnement d&#039;escalade en via ferrata. L&#039;objectif du stage est d&#039;apprendre \u00e0 \u00e9voluer en s\u00e9curit\u00e9 en toutes circonstances.\" \/>\n<meta name=\"robots\" content=\"index, follow, max-snippet:-1, max-image-preview:large, max-video-preview:-1\" \/>\n<link rel=\"canonical\" href=\"https:\/\/progression-verticale.com\/index.php\/via-ferrata\/\" \/>\n<meta property=\"og:locale\" content=\"fr_FR\" \/>\n<meta property=\"og:type\" content=\"article\" \/>\n<meta property=\"og:title\" content=\"Via ferrata - \u00a0Progression Verticale\" \/>\n<meta property=\"og:description\" content=\"Initiation et perfectionnement d&#039;escalade en via ferrata. L&#039;objectif du stage est d&#039;apprendre \u00e0 \u00e9voluer en s\u00e9curit\u00e9 en toutes circonstances.\" \/>\n<meta property=\"og:url\" content=\"https:\/\/progression-verticale.com\/index.php\/via-ferrata\/\" \/>\n<meta property=\"og:site_name\" content=\"\u00a0Progression Verticale\" \/>\n<meta property=\"article:modified_time\" content=\"2026-02-12T14:29:04+00:00\" \/>\n<meta property=\"og:image\" content=\"https:\/\/progression-verticale.com\/wp-content\/uploads\/2022\/03\/20200903_192248-768x1024.jpg\" \/>\n<meta name=\"twitter:card\" content=\"summary_large_image\" \/>\n<meta name=\"twitter:label1\" content=\"Dur\u00e9e de lecture estim\u00e9e\" \/>\n\t<meta name=\"twitter:data1\" content=\"1 minute\" \/>\n<script type=\"application\/ld+json\" class=\"yoast-schema-graph\">{\"@context\":\"https:\/\/schema.org\",\"@graph\":[{\"@type\":\"WebPage\",\"@id\":\"https:\/\/progression-verticale.com\/index.php\/via-ferrata\/\",\"url\":\"https:\/\/progression-verticale.com\/index.php\/via-ferrata\/\",\"name\":\"Via ferrata - \u00a0Progression Verticale\",\"isPartOf\":{\"@id\":\"https:\/\/progression-verticale.com\/#website\"},\"primaryImageOfPage\":{\"@id\":\"https:\/\/progression-verticale.com\/index.php\/via-ferrata\/#primaryimage\"},\"image\":{\"@id\":\"https:\/\/progression-verticale.com\/index.php\/via-ferrata\/#primaryimage\"},\"thumbnailUrl\":\"https:\/\/progression-verticale.com\/wp-content\/uploads\/2022\/03\/20200903_192248-768x1024.jpg\",\"datePublished\":\"2022-03-25T17:28:57+00:00\",\"dateModified\":\"2026-02-12T14:29:04+00:00\",\"description\":\"Initiation et perfectionnement d'escalade en via ferrata. L'objectif du stage est d'apprendre \u00e0 \u00e9voluer en s\u00e9curit\u00e9 en toutes circonstances.\",\"breadcrumb\":{\"@id\":\"https:\/\/progression-verticale.com\/index.php\/via-ferrata\/#breadcrumb\"},\"inLanguage\":\"fr-FR\",\"potentialAction\":[{\"@type\":\"ReadAction\",\"target\":[\"https:\/\/progression-verticale.com\/index.php\/via-ferrata\/\"]}]},{\"@type\":\"ImageObject\",\"inLanguage\":\"fr-FR\",\"@id\":\"https:\/\/progression-verticale.com\/index.php\/via-ferrata\/#primaryimage\",\"url\":\"https:\/\/progression-verticale.com\/wp-content\/uploads\/2022\/03\/20200903_192248-scaled.jpg\",\"contentUrl\":\"https:\/\/progression-verticale.com\/wp-content\/uploads\/2022\/03\/20200903_192248-scaled.jpg\",\"width\":1920,\"height\":2560},{\"@type\":\"BreadcrumbList\",\"@id\":\"https:\/\/progression-verticale.com\/index.php\/via-ferrata\/#breadcrumb\",\"itemListElement\":[{\"@type\":\"ListItem\",\"position\":1,\"name\":\"Accueil\",\"item\":\"https:\/\/progression-verticale.com\/\"},{\"@type\":\"ListItem\",\"position\":2,\"name\":\"Via ferrata\"}]},{\"@type\":\"WebSite\",\"@id\":\"https:\/\/progression-verticale.com\/#website\",\"url\":\"https:\/\/progression-verticale.com\/\",\"name\":\"\u00a0Progression Verticale\",\"description\":\"Pr\u00e9parez votre aventure en escalade, canyoning, terrain d&#039;aventure et autres activit\u00e9s verticales\",\"publisher\":{\"@id\":\"https:\/\/progression-verticale.com\/#organization\"},\"potentialAction\":[{\"@type\":\"SearchAction\",\"target\":{\"@type\":\"EntryPoint\",\"urlTemplate\":\"https:\/\/progression-verticale.com\/?s={search_term_string}\"},\"query-input\":{\"@type\":\"PropertyValueSpecification\",\"valueRequired\":true,\"valueName\":\"search_term_string\"}}],\"inLanguage\":\"fr-FR\"},{\"@type\":\"Organization\",\"@id\":\"https:\/\/progression-verticale.com\/#organization\",\"name\":\"\u00a0Progression Verticale\",\"url\":\"https:\/\/progression-verticale.com\/\",\"logo\":{\"@type\":\"ImageObject\",\"inLanguage\":\"fr-FR\",\"@id\":\"https:\/\/progression-verticale.com\/#\/schema\/logo\/image\/\",\"url\":\"https:\/\/progression-verticale.com\/wp-content\/uploads\/2025\/12\/LogoPV-v2-50.png\",\"contentUrl\":\"https:\/\/progression-verticale.com\/wp-content\/uploads\/2025\/12\/LogoPV-v2-50.png\",\"width\":224,\"height\":221,\"caption\":\"\u00a0Progression Verticale\"},\"image\":{\"@id\":\"https:\/\/progression-verticale.com\/#\/schema\/logo\/image\/\"}}]}<\/script>\n<!-- \/ Yoast SEO plugin. -->","yoast_head_json":{"title":"Via ferrata - \u00a0Progression Verticale","description":"Initiation et perfectionnement d'escalade en via ferrata. L'objectif du stage est d'apprendre \u00e0 \u00e9voluer en s\u00e9curit\u00e9 en toutes circonstances.","robots":{"index":"index","follow":"follow","max-snippet":"max-snippet:-1","max-image-preview":"max-image-preview:large","max-video-preview":"max-video-preview:-1"},"canonical":"https:\/\/progression-verticale.com\/index.php\/via-ferrata\/","og_locale":"fr_FR","og_type":"article","og_title":"Via ferrata - \u00a0Progression Verticale","og_description":"Initiation et perfectionnement d'escalade en via ferrata. L'objectif du stage est d'apprendre \u00e0 \u00e9voluer en s\u00e9curit\u00e9 en toutes circonstances.","og_url":"https:\/\/progression-verticale.com\/index.php\/via-ferrata\/","og_site_name":"\u00a0Progression Verticale","article_modified_time":"2026-02-12T14:29:04+00:00","og_image":[{"url":"https:\/\/progression-verticale.com\/wp-content\/uploads\/2022\/03\/20200903_192248-768x1024.jpg","type":"","width":"","height":""}],"twitter_card":"summary_large_image","twitter_misc":{"Dur\u00e9e de lecture estim\u00e9e":"1 minute"},"schema":{"@context":"https:\/\/schema.org","@graph":[{"@type":"WebPage","@id":"https:\/\/progression-verticale.com\/index.php\/via-ferrata\/","url":"https:\/\/progression-verticale.com\/index.php\/via-ferrata\/","name":"Via ferrata - \u00a0Progression Verticale","isPartOf":{"@id":"https:\/\/progression-verticale.com\/#website"},"primaryImageOfPage":{"@id":"https:\/\/progression-verticale.com\/index.php\/via-ferrata\/#primaryimage"},"image":{"@id":"https:\/\/progression-verticale.com\/index.php\/via-ferrata\/#primaryimage"},"thumbnailUrl":"https:\/\/progression-verticale.com\/wp-content\/uploads\/2022\/03\/20200903_192248-768x1024.jpg","datePublished":"2022-03-25T17:28:57+00:00","dateModified":"2026-02-12T14:29:04+00:00","description":"Initiation et perfectionnement d'escalade en via ferrata. L'objectif du stage est d'apprendre \u00e0 \u00e9voluer en s\u00e9curit\u00e9 en toutes circonstances.","breadcrumb":{"@id":"https:\/\/progression-verticale.com\/index.php\/via-ferrata\/#breadcrumb"},"inLanguage":"fr-FR","potentialAction":[{"@type":"ReadAction","target":["https:\/\/progression-verticale.com\/index.php\/via-ferrata\/"]}]},{"@type":"ImageObject","inLanguage":"fr-FR","@id":"https:\/\/progression-verticale.com\/index.php\/via-ferrata\/#primaryimage","url":"https:\/\/progression-verticale.com\/wp-content\/uploads\/2022\/03\/20200903_192248-scaled.jpg","contentUrl":"https:\/\/progression-verticale.com\/wp-content\/uploads\/2022\/03\/20200903_192248-scaled.jpg","width":1920,"height":2560},{"@type":"BreadcrumbList","@id":"https:\/\/progression-verticale.com\/index.php\/via-ferrata\/#breadcrumb","itemListElement":[{"@type":"ListItem","position":1,"name":"Accueil","item":"https:\/\/progression-verticale.com\/"},{"@type":"ListItem","position":2,"name":"Via ferrata"}]},{"@type":"WebSite","@id":"https:\/\/progression-verticale.com\/#website","url":"https:\/\/progression-verticale.com\/","name":"\u00a0Progression Verticale","description":"Pr\u00e9parez votre aventure en escalade, canyoning, terrain d&#039;aventure et autres activit\u00e9s verticales","publisher":{"@id":"https:\/\/progression-verticale.com\/#organization"},"potentialAction":[{"@type":"SearchAction","target":{"@type":"EntryPoint","urlTemplate":"https:\/\/progression-verticale.com\/?s={search_term_string}"},"query-input":{"@type":"PropertyValueSpecification","valueRequired":true,"valueName":"search_term_string"}}],"inLanguage":"fr-FR"},{"@type":"Organization","@id":"https:\/\/progression-verticale.com\/#organization","name":"\u00a0Progression Verticale","url":"https:\/\/progression-verticale.com\/","logo":{"@type":"ImageObject","inLanguage":"fr-FR","@id":"https:\/\/progression-verticale.com\/#\/schema\/logo\/image\/","url":"https:\/\/progression-verticale.com\/wp-content\/uploads\/2025\/12\/LogoPV-v2-50.png","contentUrl":"https:\/\/progression-verticale.com\/wp-content\/uploads\/2025\/12\/LogoPV-v2-50.png","width":224,"height":221,"caption":"\u00a0Progression Verticale"},"image":{"@id":"https:\/\/progression-verticale.com\/#\/schema\/logo\/image\/"}}]}},"featured_image_src":"","featured_image_src_square":false,"rbea_author_info":{"display_name":"admin1219","author_link":"https:\/\/progression-verticale.com\/index.php\/author\/admin1219\/"},"rbea_excerpt_info":"Vous avez l&rsquo;exp\u00e9rience d&rsquo;une via ferrata encadr\u00e9e et souhaiteriez d\u00e9velopper vos connaissances. Cette initiation vous permettra de mieux ma\u00eetriser les techniques de progression en via ferrata, d&rsquo;apprendre \u00e0 pr\u00e9parer votre sortie, assister un camarade en difficult\u00e9\u2026&nbsp;&nbsp; Niveau minimum requis&nbsp;: \u00eatre &hellip;<p class=\"read-more\"> <a class=\"more-link\" href=\"https:\/\/progression-verticale.com\/index.php\/via-ferrata\/\"> <span class=\"screen-reader-text\">Via ferrata<\/span> Read More &raquo;<\/a><\/p>","jetpack_sharing_enabled":true,"_links":{"self":[{"href":"https:\/\/progression-verticale.com\/index.php\/wp-json\/wp\/v2\/pages\/191","targetHints":{"allow":["GET"]}}],"collection":[{"href":"https:\/\/progression-verticale.com\/index.php\/wp-json\/wp\/v2\/pages"}],"about":[{"href":"https:\/\/progression-verticale.com\/index.php\/wp-json\/wp\/v2\/types\/page"}],"author":[{"embeddable":true,"href":"https:\/\/progression-verticale.com\/index.php\/wp-json\/wp\/v2\/users\/1"}],"replies":[{"embeddable":true,"href":"https:\/\/progression-verticale.com\/index.php\/wp-json\/wp\/v2\/comments?post=191"}],"version-history":[{"count":8,"href":"https:\/\/progression-verticale.com\/index.php\/wp-json\/wp\/v2\/pages\/191\/revisions"}],"predecessor-version":[{"id":1033,"href":"https:\/\/progression-verticale.com\/index.php\/wp-json\/wp\/v2\/pages\/191\/revisions\/1033"}],"wp:attachment":[{"href":"https:\/\/progression-verticale.com\/index.php\/wp-json\/wp\/v2\/media?parent=191"}],"curies":[{"name":"wp","href":"https:\/\/api.w.org\/{rel}","templated":true}]}}