{"id":100,"date":"2022-03-19T19:19:53","date_gmt":"2022-03-19T18:19:53","guid":{"rendered":"http:\/\/progrew.cluster024.hosting.ovh.net\/?page_id=100"},"modified":"2025-12-30T11:54:05","modified_gmt":"2025-12-30T10:54:05","slug":"accueil-old","status":"publish","type":"page","link":"https:\/\/progression-verticale.com\/index.php\/accueil-old\/","title":{"rendered":"Accueil-old"},"content":{"rendered":"\n<p class=\"has-text-align-center has-large-font-size\">Bienvenue sur Progression Verticale!<\/p>\n\n\n\n<p class=\"has-normal-font-size\">Vous avez envie d\u2019aventure et voulez devenir autonome en escalade, canyon ou via ferrata&nbsp;? Alors, vous \u00eates au bon endroit. Vous trouverez sur ce site des formations et stages dont l&rsquo;objectif principal est de vous transmettre un maximum de connaissances et de techniques pour que vous puissiez ensuite organiser vos propres aventures.<\/p>\n\n\n\n<p class=\"has-normal-font-size\">Les formations ont lieu principalement sur la <a href=\"https:\/\/www.lac-annecy.com\/\">r\u00e9gion annecienne<\/a>. Les stages sont \u00e9galement organis\u00e9s sur les sites embl\u00e9matiques fran\u00e7ais (<a href=\"https:\/\/www.parcduverdon.fr\/\">Verdon<\/a>, <a href=\"http:\/\/www.calanques-parcnational.fr\/fr\">Calanques de Marseille<\/a>, <a href=\"https:\/\/www.sisteron-buech.fr\/fr\/j-aime-provence\/visite-6-merveilles\/orpierre-village-grimpe\">Orpierre<\/a>, <a href=\"http:\/\/www.buoux-village.com\/\">Buoux<\/a>, <a href=\"https:\/\/www.aixenprovencetourism.com\/nature\/montagne-sainte-victoire\/\">Montagne Sainte-Victoire<\/a>, etc.) ou m\u00eame \u00e0 l\u2019\u00e9tranger.<\/p>\n\n\n\n<p class=\"has-normal-font-size\">Tout est fait sur mesure selon vos besoins et envies. N\u2019h\u00e9sitez pas \u00e0 vous <a href=\"https:\/\/progression-verticale.com\/index.php\/contact\/\" data-type=\"URL\" data-id=\"https:\/\/progression-verticale.com\/index.php\/contact\/\">renseigner<\/a>.<\/p>\n\n\n\n<figure class=\"wp-block-gallery has-nested-images columns-4 is-cropped wp-block-gallery-1 is-layout-flex wp-block-gallery-is-layout-flex\">\n<figure class=\"wp-block-image size-large\"><img fetchpriority=\"high\" decoding=\"async\" width=\"768\" height=\"1024\" data-id=\"869\" src=\"https:\/\/progression-verticale.com\/wp-content\/uploads\/2025\/12\/20250418_160629-768x1024.jpg\" alt=\"\" class=\"wp-image-869\" srcset=\"https:\/\/progression-verticale.com\/wp-content\/uploads\/2025\/12\/20250418_160629-768x1024.jpg 768w, https:\/\/progression-verticale.com\/wp-content\/uploads\/2025\/12\/20250418_160629-225x300.jpg 225w, https:\/\/progression-verticale.com\/wp-content\/uploads\/2025\/12\/20250418_160629-1152x1536.jpg 1152w, https:\/\/progression-verticale.com\/wp-content\/uploads\/2025\/12\/20250418_160629-1536x2048.jpg 1536w, https:\/\/progression-verticale.com\/wp-content\/uploads\/2025\/12\/20250418_160629-100x133.jpg 100w, https:\/\/progression-verticale.com\/wp-content\/uploads\/2025\/12\/20250418_160629-150x200.jpg 150w, https:\/\/progression-verticale.com\/wp-content\/uploads\/2025\/12\/20250418_160629-200x267.jpg 200w, https:\/\/progression-verticale.com\/wp-content\/uploads\/2025\/12\/20250418_160629-300x400.jpg 300w, https:\/\/progression-verticale.com\/wp-content\/uploads\/2025\/12\/20250418_160629-450x600.jpg 450w, https:\/\/progression-verticale.com\/wp-content\/uploads\/2025\/12\/20250418_160629-600x800.jpg 600w, https:\/\/progression-verticale.com\/wp-content\/uploads\/2025\/12\/20250418_160629-900x1200.jpg 900w, https:\/\/progression-verticale.com\/wp-content\/uploads\/2025\/12\/20250418_160629-scaled.jpg 1920w\" sizes=\"(max-width: 768px) 100vw, 768px\" \/><\/figure>\n\n\n\n<figure class=\"wp-block-image size-large\"><img decoding=\"async\" width=\"768\" height=\"1024\" data-id=\"871\" src=\"https:\/\/progression-verticale.com\/wp-content\/uploads\/2025\/12\/20220820_134446-768x1024.jpg\" alt=\"\" class=\"wp-image-871\" srcset=\"https:\/\/progression-verticale.com\/wp-content\/uploads\/2025\/12\/20220820_134446-768x1024.jpg 768w, https:\/\/progression-verticale.com\/wp-content\/uploads\/2025\/12\/20220820_134446-225x300.jpg 225w, https:\/\/progression-verticale.com\/wp-content\/uploads\/2025\/12\/20220820_134446-1152x1536.jpg 1152w, https:\/\/progression-verticale.com\/wp-content\/uploads\/2025\/12\/20220820_134446-1536x2048.jpg 1536w, https:\/\/progression-verticale.com\/wp-content\/uploads\/2025\/12\/20220820_134446-100x133.jpg 100w, https:\/\/progression-verticale.com\/wp-content\/uploads\/2025\/12\/20220820_134446-150x200.jpg 150w, https:\/\/progression-verticale.com\/wp-content\/uploads\/2025\/12\/20220820_134446-200x267.jpg 200w, https:\/\/progression-verticale.com\/wp-content\/uploads\/2025\/12\/20220820_134446-300x400.jpg 300w, https:\/\/progression-verticale.com\/wp-content\/uploads\/2025\/12\/20220820_134446-450x600.jpg 450w, https:\/\/progression-verticale.com\/wp-content\/uploads\/2025\/12\/20220820_134446-600x800.jpg 600w, https:\/\/progression-verticale.com\/wp-content\/uploads\/2025\/12\/20220820_134446-900x1200.jpg 900w, https:\/\/progression-verticale.com\/wp-content\/uploads\/2025\/12\/20220820_134446-scaled.jpg 1920w\" sizes=\"(max-width: 768px) 100vw, 768px\" \/><\/figure>\n\n\n\n<figure class=\"wp-block-image size-large\"><img decoding=\"async\" width=\"768\" height=\"1024\" data-id=\"873\" src=\"https:\/\/progression-verticale.com\/wp-content\/uploads\/2025\/12\/20240420_120101-768x1024.jpg\" alt=\"\" class=\"wp-image-873\" srcset=\"https:\/\/progression-verticale.com\/wp-content\/uploads\/2025\/12\/20240420_120101-768x1024.jpg 768w, https:\/\/progression-verticale.com\/wp-content\/uploads\/2025\/12\/20240420_120101-225x300.jpg 225w, https:\/\/progression-verticale.com\/wp-content\/uploads\/2025\/12\/20240420_120101-1152x1536.jpg 1152w, https:\/\/progression-verticale.com\/wp-content\/uploads\/2025\/12\/20240420_120101-1536x2048.jpg 1536w, https:\/\/progression-verticale.com\/wp-content\/uploads\/2025\/12\/20240420_120101-100x133.jpg 100w, https:\/\/progression-verticale.com\/wp-content\/uploads\/2025\/12\/20240420_120101-150x200.jpg 150w, https:\/\/progression-verticale.com\/wp-content\/uploads\/2025\/12\/20240420_120101-200x267.jpg 200w, https:\/\/progression-verticale.com\/wp-content\/uploads\/2025\/12\/20240420_120101-300x400.jpg 300w, https:\/\/progression-verticale.com\/wp-content\/uploads\/2025\/12\/20240420_120101-450x600.jpg 450w, https:\/\/progression-verticale.com\/wp-content\/uploads\/2025\/12\/20240420_120101-600x800.jpg 600w, https:\/\/progression-verticale.com\/wp-content\/uploads\/2025\/12\/20240420_120101-900x1200.jpg 900w, https:\/\/progression-verticale.com\/wp-content\/uploads\/2025\/12\/20240420_120101-scaled.jpg 1920w\" sizes=\"(max-width: 768px) 100vw, 768px\" \/><\/figure>\n\n\n\n<figure class=\"wp-block-image size-large\"><img loading=\"lazy\" decoding=\"async\" width=\"1024\" height=\"768\" data-id=\"490\" src=\"https:\/\/progression-verticale.com\/wp-content\/uploads\/2022\/08\/DSC00170-1024x768.jpg\" alt=\"\" class=\"wp-image-490\" srcset=\"https:\/\/progression-verticale.com\/wp-content\/uploads\/2022\/08\/DSC00170-1024x768.jpg 1024w, https:\/\/progression-verticale.com\/wp-content\/uploads\/2022\/08\/DSC00170-300x225.jpg 300w, https:\/\/progression-verticale.com\/wp-content\/uploads\/2022\/08\/DSC00170-768x576.jpg 768w, https:\/\/progression-verticale.com\/wp-content\/uploads\/2022\/08\/DSC00170-1536x1152.jpg 1536w, https:\/\/progression-verticale.com\/wp-content\/uploads\/2022\/08\/DSC00170-2048x1536.jpg 2048w\" sizes=\"(max-width: 1024px) 100vw, 1024px\" \/><\/figure>\n<\/figure>\n\n\n\n<h2 class=\"wp-block-heading\"><\/h2>\n\n\n\n<p><\/p>\n","protected":false},"excerpt":{"rendered":"<p>Bienvenue sur Progression Verticale! Vous avez envie d\u2019aventure et voulez devenir autonome en escalade, canyon ou via ferrata&nbsp;? Alors, vous \u00eates au bon endroit. Vous trouverez sur ce site des formations et stages dont l&rsquo;objectif principal est de vous transmettre &hellip;<\/p>\n<p class=\"read-more\"> <a class=\"more-link\" href=\"https:\/\/progression-verticale.com\/index.php\/accueil-old\/\"> <span class=\"screen-reader-text\">Accueil-old<\/span> Read More &raquo;<\/a><\/p>\n","protected":false},"author":1,"featured_media":851,"parent":0,"menu_order":0,"comment_status":"closed","ping_status":"closed","template":"","meta":{"footnotes":""},"class_list":["post-100","page","type-page","status-publish","has-post-thumbnail","hentry"],"yoast_head":"<!-- This site is optimized with the Yoast SEO plugin v26.9 - https:\/\/yoast.com\/product\/yoast-seo-wordpress\/ -->\n<title>Accueil-old - \u00a0Progression Verticale<\/title>\n<meta name=\"robots\" content=\"index, follow, max-snippet:-1, max-image-preview:large, max-video-preview:-1\" \/>\n<link rel=\"canonical\" href=\"https:\/\/progression-verticale.com\/index.php\/accueil-old\/\" \/>\n<meta property=\"og:locale\" content=\"fr_FR\" \/>\n<meta property=\"og:type\" content=\"article\" \/>\n<meta property=\"og:title\" content=\"Accueil-old - \u00a0Progression Verticale\" \/>\n<meta property=\"og:description\" content=\"Bienvenue sur Progression Verticale! Vous avez envie d\u2019aventure et voulez devenir autonome en escalade, canyon ou via ferrata&nbsp;? Alors, vous \u00eates au bon endroit. Vous trouverez sur ce site des formations et stages dont l&rsquo;objectif principal est de vous transmettre &hellip; Accueil-old Read More &raquo;\" \/>\n<meta property=\"og:url\" content=\"https:\/\/progression-verticale.com\/index.php\/accueil-old\/\" \/>\n<meta property=\"og:site_name\" content=\"\u00a0Progression Verticale\" \/>\n<meta property=\"article:modified_time\" content=\"2025-12-30T10:54:05+00:00\" \/>\n<meta property=\"og:image\" content=\"https:\/\/progression-verticale.com\/wp-content\/uploads\/2025\/12\/DSC07270-scaled.jpg\" \/>\n\t<meta property=\"og:image:width\" content=\"2560\" \/>\n\t<meta property=\"og:image:height\" content=\"1707\" \/>\n\t<meta property=\"og:image:type\" content=\"image\/jpeg\" \/>\n<meta name=\"twitter:card\" content=\"summary_large_image\" \/>\n<meta name=\"twitter:label1\" content=\"Dur\u00e9e de lecture estim\u00e9e\" \/>\n\t<meta name=\"twitter:data1\" content=\"1 minute\" \/>\n<script type=\"application\/ld+json\" class=\"yoast-schema-graph\">{\"@context\":\"https:\/\/schema.org\",\"@graph\":[{\"@type\":\"WebPage\",\"@id\":\"https:\/\/progression-verticale.com\/index.php\/accueil-old\/\",\"url\":\"https:\/\/progression-verticale.com\/index.php\/accueil-old\/\",\"name\":\"Accueil-old - \u00a0Progression Verticale\",\"isPartOf\":{\"@id\":\"https:\/\/progression-verticale.com\/#website\"},\"primaryImageOfPage\":{\"@id\":\"https:\/\/progression-verticale.com\/index.php\/accueil-old\/#primaryimage\"},\"image\":{\"@id\":\"https:\/\/progression-verticale.com\/index.php\/accueil-old\/#primaryimage\"},\"thumbnailUrl\":\"https:\/\/progression-verticale.com\/wp-content\/uploads\/2025\/12\/DSC07270-scaled.jpg\",\"datePublished\":\"2022-03-19T18:19:53+00:00\",\"dateModified\":\"2025-12-30T10:54:05+00:00\",\"breadcrumb\":{\"@id\":\"https:\/\/progression-verticale.com\/index.php\/accueil-old\/#breadcrumb\"},\"inLanguage\":\"fr-FR\",\"potentialAction\":[{\"@type\":\"ReadAction\",\"target\":[\"https:\/\/progression-verticale.com\/index.php\/accueil-old\/\"]}]},{\"@type\":\"ImageObject\",\"inLanguage\":\"fr-FR\",\"@id\":\"https:\/\/progression-verticale.com\/index.php\/accueil-old\/#primaryimage\",\"url\":\"https:\/\/progression-verticale.com\/wp-content\/uploads\/2025\/12\/DSC07270-scaled.jpg\",\"contentUrl\":\"https:\/\/progression-verticale.com\/wp-content\/uploads\/2025\/12\/DSC07270-scaled.jpg\",\"width\":2560,\"height\":1707},{\"@type\":\"BreadcrumbList\",\"@id\":\"https:\/\/progression-verticale.com\/index.php\/accueil-old\/#breadcrumb\",\"itemListElement\":[{\"@type\":\"ListItem\",\"position\":1,\"name\":\"Accueil\",\"item\":\"https:\/\/progression-verticale.com\/\"},{\"@type\":\"ListItem\",\"position\":2,\"name\":\"Accueil-old\"}]},{\"@type\":\"WebSite\",\"@id\":\"https:\/\/progression-verticale.com\/#website\",\"url\":\"https:\/\/progression-verticale.com\/\",\"name\":\"\u00a0Progression Verticale\",\"description\":\"Pr\u00e9parez votre aventure en escalade, canyoning, terrain d&#039;aventure et autres activit\u00e9s verticales\",\"publisher\":{\"@id\":\"https:\/\/progression-verticale.com\/#organization\"},\"potentialAction\":[{\"@type\":\"SearchAction\",\"target\":{\"@type\":\"EntryPoint\",\"urlTemplate\":\"https:\/\/progression-verticale.com\/?s={search_term_string}\"},\"query-input\":{\"@type\":\"PropertyValueSpecification\",\"valueRequired\":true,\"valueName\":\"search_term_string\"}}],\"inLanguage\":\"fr-FR\"},{\"@type\":\"Organization\",\"@id\":\"https:\/\/progression-verticale.com\/#organization\",\"name\":\"\u00a0Progression Verticale\",\"url\":\"https:\/\/progression-verticale.com\/\",\"logo\":{\"@type\":\"ImageObject\",\"inLanguage\":\"fr-FR\",\"@id\":\"https:\/\/progression-verticale.com\/#\/schema\/logo\/image\/\",\"url\":\"https:\/\/progression-verticale.com\/wp-content\/uploads\/2025\/12\/LogoPV-v2-50.png\",\"contentUrl\":\"https:\/\/progression-verticale.com\/wp-content\/uploads\/2025\/12\/LogoPV-v2-50.png\",\"width\":224,\"height\":221,\"caption\":\"\u00a0Progression Verticale\"},\"image\":{\"@id\":\"https:\/\/progression-verticale.com\/#\/schema\/logo\/image\/\"}}]}<\/script>\n<!-- \/ Yoast SEO plugin. -->","yoast_head_json":{"title":"Accueil-old - \u00a0Progression Verticale","robots":{"index":"index","follow":"follow","max-snippet":"max-snippet:-1","max-image-preview":"max-image-preview:large","max-video-preview":"max-video-preview:-1"},"canonical":"https:\/\/progression-verticale.com\/index.php\/accueil-old\/","og_locale":"fr_FR","og_type":"article","og_title":"Accueil-old - \u00a0Progression Verticale","og_description":"Bienvenue sur Progression Verticale! Vous avez envie d\u2019aventure et voulez devenir autonome en escalade, canyon ou via ferrata&nbsp;? Alors, vous \u00eates au bon endroit. Vous trouverez sur ce site des formations et stages dont l&rsquo;objectif principal est de vous transmettre &hellip; Accueil-old Read More &raquo;","og_url":"https:\/\/progression-verticale.com\/index.php\/accueil-old\/","og_site_name":"\u00a0Progression Verticale","article_modified_time":"2025-12-30T10:54:05+00:00","og_image":[{"width":2560,"height":1707,"url":"https:\/\/progression-verticale.com\/wp-content\/uploads\/2025\/12\/DSC07270-scaled.jpg","type":"image\/jpeg"}],"twitter_card":"summary_large_image","twitter_misc":{"Dur\u00e9e de lecture estim\u00e9e":"1 minute"},"schema":{"@context":"https:\/\/schema.org","@graph":[{"@type":"WebPage","@id":"https:\/\/progression-verticale.com\/index.php\/accueil-old\/","url":"https:\/\/progression-verticale.com\/index.php\/accueil-old\/","name":"Accueil-old - \u00a0Progression Verticale","isPartOf":{"@id":"https:\/\/progression-verticale.com\/#website"},"primaryImageOfPage":{"@id":"https:\/\/progression-verticale.com\/index.php\/accueil-old\/#primaryimage"},"image":{"@id":"https:\/\/progression-verticale.com\/index.php\/accueil-old\/#primaryimage"},"thumbnailUrl":"https:\/\/progression-verticale.com\/wp-content\/uploads\/2025\/12\/DSC07270-scaled.jpg","datePublished":"2022-03-19T18:19:53+00:00","dateModified":"2025-12-30T10:54:05+00:00","breadcrumb":{"@id":"https:\/\/progression-verticale.com\/index.php\/accueil-old\/#breadcrumb"},"inLanguage":"fr-FR","potentialAction":[{"@type":"ReadAction","target":["https:\/\/progression-verticale.com\/index.php\/accueil-old\/"]}]},{"@type":"ImageObject","inLanguage":"fr-FR","@id":"https:\/\/progression-verticale.com\/index.php\/accueil-old\/#primaryimage","url":"https:\/\/progression-verticale.com\/wp-content\/uploads\/2025\/12\/DSC07270-scaled.jpg","contentUrl":"https:\/\/progression-verticale.com\/wp-content\/uploads\/2025\/12\/DSC07270-scaled.jpg","width":2560,"height":1707},{"@type":"BreadcrumbList","@id":"https:\/\/progression-verticale.com\/index.php\/accueil-old\/#breadcrumb","itemListElement":[{"@type":"ListItem","position":1,"name":"Accueil","item":"https:\/\/progression-verticale.com\/"},{"@type":"ListItem","position":2,"name":"Accueil-old"}]},{"@type":"WebSite","@id":"https:\/\/progression-verticale.com\/#website","url":"https:\/\/progression-verticale.com\/","name":"\u00a0Progression Verticale","description":"Pr\u00e9parez votre aventure en escalade, canyoning, terrain d&#039;aventure et autres activit\u00e9s verticales","publisher":{"@id":"https:\/\/progression-verticale.com\/#organization"},"potentialAction":[{"@type":"SearchAction","target":{"@type":"EntryPoint","urlTemplate":"https:\/\/progression-verticale.com\/?s={search_term_string}"},"query-input":{"@type":"PropertyValueSpecification","valueRequired":true,"valueName":"search_term_string"}}],"inLanguage":"fr-FR"},{"@type":"Organization","@id":"https:\/\/progression-verticale.com\/#organization","name":"\u00a0Progression Verticale","url":"https:\/\/progression-verticale.com\/","logo":{"@type":"ImageObject","inLanguage":"fr-FR","@id":"https:\/\/progression-verticale.com\/#\/schema\/logo\/image\/","url":"https:\/\/progression-verticale.com\/wp-content\/uploads\/2025\/12\/LogoPV-v2-50.png","contentUrl":"https:\/\/progression-verticale.com\/wp-content\/uploads\/2025\/12\/LogoPV-v2-50.png","width":224,"height":221,"caption":"\u00a0Progression Verticale"},"image":{"@id":"https:\/\/progression-verticale.com\/#\/schema\/logo\/image\/"}}]}},"featured_image_src":"https:\/\/progression-verticale.com\/wp-content\/uploads\/2025\/12\/DSC07270-scaled.jpg","featured_image_src_square":"https:\/\/progression-verticale.com\/wp-content\/uploads\/2025\/12\/DSC07270-scaled.jpg","rbea_author_info":{"display_name":"admin1219","author_link":"https:\/\/progression-verticale.com\/index.php\/author\/admin1219\/"},"rbea_excerpt_info":"Bienvenue sur Progression Verticale! Vous avez envie d\u2019aventure et voulez devenir autonome en escalade, canyon ou via ferrata&nbsp;? Alors, vous \u00eates au bon endroit. Vous trouverez sur ce site des formations et stages dont l&rsquo;objectif principal est de vous transmettre &hellip;<p class=\"read-more\"> <a class=\"more-link\" href=\"https:\/\/progression-verticale.com\/index.php\/accueil-old\/\"> <span class=\"screen-reader-text\">Accueil-old<\/span> Read More &raquo;<\/a><\/p>","jetpack_sharing_enabled":true,"_links":{"self":[{"href":"https:\/\/progression-verticale.com\/index.php\/wp-json\/wp\/v2\/pages\/100","targetHints":{"allow":["GET"]}}],"collection":[{"href":"https:\/\/progression-verticale.com\/index.php\/wp-json\/wp\/v2\/pages"}],"about":[{"href":"https:\/\/progression-verticale.com\/index.php\/wp-json\/wp\/v2\/types\/page"}],"author":[{"embeddable":true,"href":"https:\/\/progression-verticale.com\/index.php\/wp-json\/wp\/v2\/users\/1"}],"replies":[{"embeddable":true,"href":"https:\/\/progression-verticale.com\/index.php\/wp-json\/wp\/v2\/comments?post=100"}],"version-history":[{"count":21,"href":"https:\/\/progression-verticale.com\/index.php\/wp-json\/wp\/v2\/pages\/100\/revisions"}],"predecessor-version":[{"id":986,"href":"https:\/\/progression-verticale.com\/index.php\/wp-json\/wp\/v2\/pages\/100\/revisions\/986"}],"wp:featuredmedia":[{"embeddable":true,"href":"https:\/\/progression-verticale.com\/index.php\/wp-json\/wp\/v2\/media\/851"}],"wp:attachment":[{"href":"https:\/\/progression-verticale.com\/index.php\/wp-json\/wp\/v2\/media?parent=100"}],"curies":[{"name":"wp","href":"https:\/\/api.w.org\/{rel}","templated":true}]}}